nd 21?
3
Calculate the highest common factor of 638 and 145.
29
Calculate the highest common divisor of 2173 and 53.
53
What is the greatest common factor of 600 and 1056?
24
Calculate the greatest common factor of 315 and 3339.
63
What is the highest common divisor of 74795 and 35?
35
Calculate the greatest common divisor of 255 and 1445.
85
What is the greatest common factor of 19761 and 21?
21
What is the highest common divisor of 16 and 8?
8
Calculate the greatest common divisor of 756 and 5184.
108
What is the greatest common factor of 440 and 176?
88
What is the highest common divisor of 78 and 234?
78
Calculate the highest common factor of 82 and 11029.
41
What is the highest common factor of 59 and 295?
59
What is the highest common factor of 9416 and 88?
88
What is the highest common factor of 18 and 8?
2
What is the greatest common factor of 642 and 54?
6
What is the highest common factor of 23 and 1081?
23
What is the highest common divisor of 15 and 615?
15
What is the greatest common divisor of 75 and 200?
25
What is the highest common divisor of 170 and 595?
85
What is the highest common divisor of 576 and 64?
64
Calculate the greatest common divisor of 280 and 2160.
40
Calculate the highest common divisor of 6 and 3930.
6
What is the highest common factor of 14 and 38?
2
Calculate the highest common divisor of 116 and 261.
29
What is the highest common divisor of 252 and 396?
36
What is the highest common factor of 45 and 387?
9
What is the greatest common factor of 1058 and 782?
46
What is the highest common factor of 3577 and 343?
49
Calculate the highest common divisor of 8 and 76.
4
Calculate the greatest common divisor of 854 and 56.
14
Calculate the greatest common factor of 18 and 57.
3
Calculate the greatest common divisor of 62 and 31.
31
What is the highest common factor of 84 and 441?
21
What is the greatest common divisor of 94 and 423?
47
What is the highest common divisor of 21 and 259?
7
What is the greatest common divisor of 1110 and 3552?
222
What is the greatest common divisor of 645 and 860?
215
Calculate the greatest common factor of 532 and 23674.
266
Calculate the highest common divisor of 141 and 799.
47
What is the greatest common divisor of 167 and 6?
1
What is the greatest common factor of 17 and 187?
17
Calculate the greatest common divisor of 42 and 2569.
7
What is the greatest common divisor of 776 and 24?
8
What is the highest common divisor of 133 and 209?
19
What is the highest common factor of 1896 and 24?
24
Calculate the highest common divisor of 256 and 400.
16
What is the greatest common divisor of 17 and 1?
1
Calculate the greatest common divisor of 768 and 12.
12
Calculate the greatest common factor of 152 and 646.
38
What is the greatest common divisor of 14 and 1876?
14
What is the greatest common divisor of 17 and 50371?
17
Calculate the greatest common factor of 406 and 875.
7
What is the highest common factor of 79 and 7?
1
What is the highest common factor of 180 and 20?
20
What is the greatest common divisor of 20829 and 159?
159
Calculate the highest common divisor of 4 and 604.
4
What is the greatest common factor of 573 and 3?
3
Calculate the greatest common divisor of 175 and 63000.
175
Calculate the highest common divisor of 979 and 11.
11
What is the greatest common factor of 57 and 24?
3
What is the highest common factor of 9 and 3744?
9
Calculate the greatest common factor of 999 and 27.
27
Calculate the greatest common divisor of 320 and 1728.
64
What is the greatest common divisor of 14859 and 234?
117
What is the greatest common divisor of 194 and 2813?
97
What is the highest common divisor of 73 and 9?
1
What is the greatest common factor of 1 and 7?
1
Calculate the highest common divisor of 15 and 105.
15
What is the highest common divisor of 74 and 296?
74
Calculate the greatest common factor of 30 and 42.
6
What is the highest common divisor of 1199 and 545?
109
What is the greatest common factor of 81 and 7587?
27
What is the greatest common divisor of 143 and 13?
13
Calculate the greatest common divisor of 8 and 1028.
4
What is the highest common factor of 24 and 3588?
12
What is the highest common divisor of 12366 and 108?
54
Calculate the highest common divisor of 594 and 22.
22
Calculate the highest common divisor of 1679 and 23.
23
What is the greatest common divisor of 3 and 1779?
3
Calculate the greatest common divisor of 162 and 108.
54
Calculate the greatest common factor of 119 and 102.
17
Calculate the greatest common factor of 32 and 48.
16
Calculate the highest common factor of 1048 and 128.
8
Calculate the highest common factor of 444 and 4736.
148
What is the greatest common divisor of 80 and 2110?
10
Calculate the greatest common factor of 126 and 4032.
126
Calculate the greatest common factor of 956 and 14579.
239
What is the greatest common divisor of 976 and 183?
61
Calculate the greatest common factor of 147 and 6.
3
Calculate the highest common factor of 1104 and 48.
48
Calculate the highest common factor of 371 and 1007.
53
What is the highest common divisor of 2550 and 3750?
150
Calculate the greatest common divisor of 7227 and 73.
73
Calculate the highest common factor of 110 and 55.
55
Calculate the highest common divisor of 16 and 232.
8
Calculate the greatest common factor of 495 and 429.
33
Calculate the greatest common factor of 603 and 9.
9
Calculate the greatest common factor of 1184 and 111.
37
Calculate the highest common factor of 159 and 689.
53
Calculate the greatest common factor of 93 and 4216.
31
Calculate the highest common divisor of 238 and 102.
34
What is the greatest common factor of 589 and 837?
31
Calculate the greatest common divisor of 10 and 320.
10
Calculate the greatest common divisor of 24 and 408.
24
What is the highest common divisor of 110 and 470?
10
Calculate the greatest common divisor of 36 and 13347.
9
What is the greatest common divisor of 105 and 4865?
35
Calculate the greatest common divisor of 2 and 92.
2
What is the highest common divisor of 238 and 629?
17
Calculate the highest common factor of 174 and 1479.
87
Calculate the highest common factor of 70 and 140.
70
Calculate the greatest common divisor of 7170 and 5.
5
Calculate the greatest common factor of 35 and 112.
7
Calculate the highest common factor of 48 and 8868.
12
Calculate the highest common divisor of 9295 and 169.
169
What is the highest common factor of 148 and 9842?
74
Calculate the greatest common factor of 20 and 220.
20
What is the highest common divisor of 31711 and 38?
19
What is the greatest common factor of 60 and 5500?
20
Calculate the greatest common factor of 10 and 110.
10
What is the greatest common divisor of 748 and 176?
44
Calculate the highest common factor of 512 and 36992.
128
What is the highest common factor of 576 and 512?
64
What is the greatest common divisor of 88 and 1144?
88
What is the highest common factor of 43 and 68843?
43
What is the highest common divisor of 1840 and 80?
80
What is the highest common factor of 340 and 4250?
170
What is the greatest common divisor of 79 and 58381?
79
What is the greatest common factor of 6 and 3?
3
Calculate the highest common factor of 91 and 52.
13
What is the highest common divisor of 74 and 3219?
37
Calculate the highest common factor of 27 and 48.
3
Calculate the highest common divisor of 374 and 110.
22
What is the highest common divisor of 16 and 380?
4
Calculate the greatest common divisor of 252 and 72.
36
What is the greatest common divisor of 13031 and 83?
83
Calculate the highest common divisor of 115 and 25.
5
Calculate the highest common divisor of 350 and 550.
50
Calculate the highest common divisor of 30 and 40.
10
What is the greatest common factor of 3493 and 2495?
499
Calculate the highest common divisor of 3 and 19.
1
What is the greatest common factor of 11670 and 60?
30
Calculate the greatest common divisor of 175 and 630.
35
What is the greatest common factor of 41 and 123?
41
What is the greatest common factor of 282 and 12?
6
What is the greatest common factor of 377 and 725?
29
Calculate the greatest common divisor of 198 and 78.
6
Calculate the highest common divisor of 558 and 72.
18
Calculate the greatest common factor of 12 and 492.
12
Wh